699
What are the prime factors of 1449193?
1449193
List the prime factors of 1756861.
61, 83, 347
What are the prime factors of 16216395?
3, 5, 13, 6397
What are the prime factors of 26346871?
449, 58679
What are the prime factors of 4124657?
379, 10883
List the prime factors of 1238565.
3, 5, 82571
List the prime factors of 19754026.
2, 59, 167407
What are the prime factors of 1058413?
29, 36497
What are the prime factors of 569944?
2, 191, 373
What are the prime factors of 274391?
13, 21107
What are the prime factors of 11220950?
2, 5, 13, 61, 283
What are the prime factors of 28108328?
2, 3513541
List the prime factors of 2273419.
271, 8389
List the prime factors of 210578.
2, 211, 499
List the prime factors of 12462275.
5, 7, 17, 59, 71
What are the prime factors of 55818?
2, 3, 7, 443
What are the prime factors of 4919945?
5, 71, 13859
List the prime factors of 3613526.
2, 7, 258109
List the prime factors of 2319091.
2319091
List the prime factors of 11767836.
2, 3, 739, 1327
What are the prime factors of 1547549?
157, 9857
List the prime factors of 76705.
5, 23, 29
List the prime factors of 3394647.
3, 377183
List the prime factors of 20480392.
2, 2560049
List the prime factors of 6371639.
97, 65687
What are the prime factors of 1392496?
2, 7, 12433
List the prime factors of 1929516.
2, 3, 23, 6991
List the prime factors of 1190522.
2, 595261
What are the prime factors of 1729089?
3, 192121
What are the prime factors of 1347832?
2, 331, 509
What are the prime factors of 307348?
2, 76837
What are the prime factors of 321490?
2, 5, 13, 2473
What are the prime factors of 893612?
2, 223403
List the prime factors of 2478990.
2, 3, 5, 82633
What are the prime factors of 248425?
5, 19, 523
List the prime factors of 21032844.
2, 3, 7, 337, 743
List the prime factors of 85169.
7, 23
List the prime factors of 1243797.
3, 19, 21821
List the prime factors of 39980.
2, 5, 1999
List the prime factors of 9726742.
2, 4863371
What are the prime factors of 1423820?
2, 5, 71191
What are the prime factors of 9132838?
2, 11, 13, 2903
What are the prime factors of 1053358?
2, 526679
List the prime factors of 10104418.
2, 5052209
List the prime factors of 23227476.
2, 3, 523, 3701
What are the prime factors of 436864?
2, 3413
What are the prime factors of 304785?
3, 5, 13, 521
What are the prime factors of 821946?
2, 3, 136991
What are the prime factors of 1754742?
2, 3, 11, 2417
List the prime factors of 523070.
2, 5, 19, 2753
List the prime factors of 4302598.
2, 17, 126547
What are the prime factors of 4244243?
571, 7433
List the prime factors of 173434.
2, 17, 5101
List the prime factors of 1802329.
643, 2803
List the prime factors of 470229.
3, 41, 3823
List the prime factors of 286186.
2, 143093
What are the prime factors of 62945?
5, 12589
List the prime factors of 597308.
2, 31, 4817
List the prime factors of 5158641.
3, 1719547
List the prime factors of 15174674.
2, 41, 185057
What are the prime factors of 789860?
2, 5, 73, 541
What are the prime factors of 2092879?
67, 31237
What are the prime factors of 17548555?
5, 3509711
List the prime factors of 2748892.
2, 687223
What are the prime factors of 737846?
2, 19, 19417
List the prime factors of 431824.
2, 137, 197
What are the prime factors of 2733939?
3, 13, 7789
List the prime factors of 115987.
115987
What are the prime factors of 1760448?
2, 3, 53, 173
List the prime factors of 1951317.
3, 72271
What are the prime factors of 536875?
5, 859
What are the prime factors of 1654562?
2, 7, 13, 9091
What are the prime factors of 1783907?
1783907
What are the prime factors of 113285?
5, 139, 163
List the prime factors of 1102517.
13, 84809
List the prime factors of 582044.
2, 145511
List the prime factors of 714001.
19, 37579
What are the prime factors of 15904452?
2, 3, 17, 53, 1471
List the prime factors of 193113.
3, 43, 499
List the prime factors of 322024.
2, 40253
List the prime factors of 1534567.
179, 8573
List the prime factors of 18735132.
2, 3, 13, 120097
List the prime factors of 528282.
2, 3, 1087
What are the prime factors of 3912227?
11, 17, 20921
List the prime factors of 15157202.
2, 31, 244471
What are the prime factors of 2744405?
5, 263, 2087
What are the prime factors of 299647?
79, 3793
List the prime factors of 60093.
3, 11, 607
List the prime factors of 379012.
2, 19, 4987
List the prime factors of 2077343.
2077343
List the prime factors of 1671523.
7, 238789
List the prime factors of 33675.
3, 5, 449
List the prime factors of 6188085.
3, 5, 17, 8089
List the prime factors of 149693.
107, 1399
What are the prime factors of 11743450?
2, 5, 234869
List the prime factors of 1503441.
3, 23, 269
List the prime factors of 459416.
2, 57427
What are the prime factors of 90503?
7, 1847
List the prime factors of 4028657.
23, 107, 1637
What are the prime factors of 2172303?
3, 7, 29, 41
List the prime factors of 8314973.
37, 224729
List the prime factors of 2372655.
3, 5, 367, 431
List the prime factors of 2880224.
2, 90007
List the prime factors of 11252358.
2, 3, 13, 137
List the prime factors of 2039082.
2, 3, 17, 19991
What are the prime factors of 738248?
2, 7, 13183
List the prime factors of 587055.
3, 5, 7, 5591
List the prime factors of 23918166.
2, 3, 191, 773
List the prime factors of 1075762.
2, 31, 17351
List the prime factors of 3895092.
2, 3, 257, 421
What are the prime factors of 5507423?
151, 36473
What are the prime factors of 93847?
13, 7219
What are the prime factors of 303915?
3, 5, 20261
What are the prime factors of 36731215?
5, 113, 65011
What are the prime factors of 29077?
29077
List the prime factors of 6547514.
2, 19, 53, 3251
List the prime factors of 118889.
61, 1949
List the prime factors of 6876044.
2, 7, 43, 5711
What are the prime factors of 19803?
3, 7, 23, 41
List the prime factors of 4006886.
2, 13, 154111
List the prime factors of 187092.
2, 3, 5197
What are the prime factors of 520454?
2, 11, 41, 577
List the prime factors of 217211.
83, 2617
List the prime factors of 353031.
3, 7, 16811
What are the prime factors of 184967?
184967
What are the prime factors of 9398360?
2, 5, 234959
What are the prime factors of 4814303?
13, 61, 467
List the prime factors of 2715701.
2715701
List the prime factors of 17181139.
17181139
List the prime factors of 3355880.
2, 5, 11, 29, 263
What are the prime factors of 11634758?
2, 5817379
What are the prime factors of 2802401?
7, 61, 6563
List the prime factors of 2997305.
5, 41, 14621
List the prime factors of 6034567.
7, 11, 109, 719
List the prime factors of 525538.
2, 13, 17, 29, 41
List the prime factors of 1600823.
7, 23, 61, 163
What are the prime factors of 180084?
2, 3, 43, 349
What are the prime factors of 537607?
7, 76801
List the prime factors of 78334.
2, 53, 739
What are the prime factors of 16534557?
3, 13, 17, 163
What are the prime factors of 701628?
2, 3, 59, 991
What are the prime factors of 1218169?
17, 131, 547
What are the prime factors of 518953?
518953
List the prime factors of 2314909.
2314909
List the prime factors of 1848947.
19, 23, 4231
List the prime factors of 367120.
2, 5, 13, 353
List the prime factors of 7839756.
2, 3, 217771
What are the prime factors of 281379?
3, 7, 13399
What are the prime factors of 7719773?
7719773
What are the prime factors of 876937?
37, 137, 173
List the prime factors of 326874.
2, 3, 157, 347
What are the prime factors of 1962943?
1962943
What are the prime factors of 361014?
2, 3, 60169
What are the prime factors of 2157952?
2, 23, 733
What are the prime factors of 4431605?
5, 31, 28591
List the prime factors of 131039.
59, 2221
What are the prime factors of 8295285?
3, 5, 71, 7789
What are the prime factors of 293747?
157, 1871
List the prime factors of 201794.
2, 163, 619
List the prime factors of 7548667.
7, 199, 5419
What are the prime factors of 942764?
2, 53, 4447
List the prime factors of 148268.
2, 101, 367
List the prime factors of 19005.
3, 5, 7, 181
List the prime factors of 1214292.
2, 3, 47, 2153
What are the prime factors of 8791039?
419, 20981
What are the prime factors of 20878223?
409, 51047
What are the prime factors of 241890?
2, 3, 5, 11, 733
What are the prime factors of 744916?
2, 186229
List the prime factors of 1887661.
47, 40163
Wh